{"id":20,"date":"2023-03-19T23:00:07","date_gmt":"2023-03-19T22:00:07","guid":{"rendered":"https:\/\/produkte-staging.digipoc.xyz\/?page_id=20"},"modified":"2025-01-09T07:28:17","modified_gmt":"2025-01-09T06:28:17","slug":"homepage","status":"publish","type":"page","link":"https:\/\/produkte.blutspende-basel.ch\/","title":{"rendered":"Shop Blutprodukte f\u00fcr Forschungszwecke"},"content":{"rendered":"\n<p>Produkte-Bestellungen sind ausschliesslich \u00fcber diesen Shop m\u00f6glich.<\/p>\n\n\n\n<h2 class=\"wp-block-heading has-vivid-red-color has-text-color\">Anleitung in K\u00fcrze:<\/h2>\n\n\n\n<p>Wir geben pro Arbeitstag im Total maximal 15 Produkteeinheiten aus.<\/p>\n\n\n\n<p>Pro Besteller:in sind maximal drei Produkteinheiten m\u00f6glich.<\/p>\n\n\n\n<p>Ihre Bestellung muss bis sp\u00e4testens 15:30 Uhr f\u00fcr den \u00fcbern\u00e4chsten Arbeitstag der gew\u00fcnschten Auslieferung \u00fcber diesen Shop erfolgen.<\/p>\n\n\n\n<p>Wir k\u00f6nnen keine Auslieferung garantieren.<\/p>\n\n\n\n<p>Die Produkte m\u00fcssen bei uns vor Ort abgeholt werden. Lieferungen nur im Spezialfall.<\/p>\n\n\n\n<h2 class=\"wp-block-heading has-vivid-red-color has-text-color\">Anleitung im Detail:<\/h2>\n\n\n\n<p>Lesen Sie die Seite <a href=\"https:\/\/produkte.blutspende-basel.ch\/index.php\/anleitung\/\" data-type=\"page\" data-id=\"39\">Anleitung f\u00fcr Bestellungen<\/a> aufmerksam durch.<\/p>\n\n\n\n<h2 class=\"wp-block-heading has-vivid-red-color has-text-color\">Sie m\u00f6chten Zugang zu diesem Webshop?<\/h2>\n\n\n\n<p>Senden Sie uns Ihre <strong>begr\u00fcndete<\/strong> Bewerbung per E-Mail an <a href=\"mailto:produkte@blutspende-basel.ch\" target=\"_blank\" rel=\"noreferrer noopener\"><\/a><a href=\"mailto:produkte@blutspende-basel.ch\" target=\"_blank\" rel=\"noreferrer noopener\">beatrice.frauchiger@usb.ch<\/a><\/p>\n\n\n\n<p><\/p>\n","protected":false},"excerpt":{"rendered":"<p>Produkte-Bestellungen sind ausschliesslich \u00fcber diesen Shop m\u00f6glich. Anleitung in K\u00fcrze: Wir geben pro Arbeitstag im Total maximal 15 Produkteeinheiten aus. Pro Besteller:in sind maximal drei Produkteinheiten m\u00f6glich. Ihre Bestellung muss bis sp\u00e4testens 15:30 Uhr f\u00fcr den \u00fcbern\u00e4chsten Arbeitstag der gew\u00fcnschten Auslieferung \u00fcber diesen Shop erfolgen. Wir k\u00f6nnen keine Auslieferung garantieren. Die Produkte m\u00fcssen bei uns [&hellip;]<\/p>\n","protected":false},"author":1,"featured_media":0,"parent":0,"menu_order":0,"comment_status":"closed","ping_status":"closed","template":"","meta":{"_acf_changed":false,"footnotes":""},"class_list":["post-20","page","type-page","status-publish","hentry"],"acf":[],"_links":{"self":[{"href":"https:\/\/produkte.blutspende-basel.ch\/index.php\/wp-json\/wp\/v2\/pages\/20","targetHints":{"allow":["GET"]}}],"collection":[{"href":"https:\/\/produkte.blutspende-basel.ch\/index.php\/wp-json\/wp\/v2\/pages"}],"about":[{"href":"https:\/\/produkte.blutspende-basel.ch\/index.php\/wp-json\/wp\/v2\/types\/page"}],"author":[{"embeddable":true,"href":"https:\/\/produkte.blutspende-basel.ch\/index.php\/wp-json\/wp\/v2\/users\/1"}],"replies":[{"embeddable":true,"href":"https:\/\/produkte.blutspende-basel.ch\/index.php\/wp-json\/wp\/v2\/comments?post=20"}],"version-history":[{"count":4,"href":"https:\/\/produkte.blutspende-basel.ch\/index.php\/wp-json\/wp\/v2\/pages\/20\/revisions"}],"predecessor-version":[{"id":1776,"href":"https:\/\/produkte.blutspende-basel.ch\/index.php\/wp-json\/wp\/v2\/pages\/20\/revisions\/1776"}],"wp:attachment":[{"href":"https:\/\/produkte.blutspende-basel.ch\/index.php\/wp-json\/wp\/v2\/media?parent=20"}],"curies":[{"name":"wp","href":"https:\/\/api.w.org\/{rel}","templated":true}]}}