{"id":162,"date":"2023-03-30T07:50:06","date_gmt":"2023-03-30T06:50:06","guid":{"rendered":"https:\/\/produkte-staging.blutspende-basel.ch\/?post_type=product&#038;p=162"},"modified":"2025-11-20T09:46:47","modified_gmt":"2025-11-20T08:46:47","slug":"produkt-zertifikate","status":"publish","type":"product","link":"https:\/\/produkte.blutspende-basel.ch\/index.php\/produkt\/produkt-zertifikate\/","title":{"rendered":"Produkt-Zertifikate"},"content":{"rendered":"<p>Hier k\u00f6nnen Sie <strong>fr\u00fchestens zwei Wochen nach Abnahme<\/strong> ein Zertifikat f\u00fcr eines vorher bei uns gekauften R\u00f6hrchens bestellen.<br \/>\nDazu m\u00fcssen Sie im letzten Bestellschritt unter &#171;Zusatzangaben Zertifikate&#187; die urspr\u00fcngliche Entnahme-Nummer pro einzelne R\u00f6hrchen-Bestellung angeben.<\/p>\n<p>&nbsp;<\/p>\n","protected":false},"excerpt":{"rendered":"<p>Hier k\u00f6nnen Sie fr\u00fchestens zwei Wochen nach Abnahme ein Zertifikat f\u00fcr eines vorher bei uns gekauften R\u00f6hrchens bestellen. Dazu m\u00fcssen Sie im letzten Bestellschritt unter &#171;Zusatzangaben Zertifikate&#187; die urspr\u00fcngliche Entnahme-Nummer pro einzelne R\u00f6hrchen-Bestellung angeben. &nbsp;<\/p>\n","protected":false},"featured_media":163,"template":"","meta":{"_acf_changed":false},"product_brand":[],"product_cat":[29],"product_tag":[],"class_list":{"0":"post-162","1":"product","2":"type-product","3":"status-publish","4":"has-post-thumbnail","6":"product_cat-zertifikate","8":"first","9":"instock","10":"taxable","11":"shipping-taxable","12":"purchasable","13":"product-type-simple"},"acf":[],"_links":{"self":[{"href":"https:\/\/produkte.blutspende-basel.ch\/index.php\/wp-json\/wp\/v2\/product\/162","targetHints":{"allow":["GET"]}}],"collection":[{"href":"https:\/\/produkte.blutspende-basel.ch\/index.php\/wp-json\/wp\/v2\/product"}],"about":[{"href":"https:\/\/produkte.blutspende-basel.ch\/index.php\/wp-json\/wp\/v2\/types\/product"}],"wp:featuredmedia":[{"embeddable":true,"href":"https:\/\/produkte.blutspende-basel.ch\/index.php\/wp-json\/wp\/v2\/media\/163"}],"wp:attachment":[{"href":"https:\/\/produkte.blutspende-basel.ch\/index.php\/wp-json\/wp\/v2\/media?parent=162"}],"wp:term":[{"taxonomy":"product_brand","embeddable":true,"href":"https:\/\/produkte.blutspende-basel.ch\/index.php\/wp-json\/wp\/v2\/product_brand?post=162"},{"taxonomy":"product_cat","embeddable":true,"href":"https:\/\/produkte.blutspende-basel.ch\/index.php\/wp-json\/wp\/v2\/product_cat?post=162"},{"taxonomy":"product_tag","embeddable":true,"href":"https:\/\/produkte.blutspende-basel.ch\/index.php\/wp-json\/wp\/v2\/product_tag?post=162"}],"curies":[{"name":"wp","href":"https:\/\/api.w.org\/{rel}","templated":true}]}}